
-173
Let y(k) = -27*k**3 - 41*k**2 + 232*k + 229. Give y(-1).
-17
Let w(k) = 12629068*k - 88403482. What is w(7)?
-6
Let v(z) = 24*z**2 + 13*z - 1259. Calculate v(-6).
-473
Let s(a) = -10*a**2 + 1744091*a - 1744090. Determine s(1).
-9
Let o(m) = 8*m - 1486. What is o(27)?
-1270
Let o(d) = -657*d**2 - 287112*d - 1321. Determine o(-437).
-10
Let o(r) = r**3 + 675*r**2 + 8594*r - 66. Give o(-13).
90
Let k(c) = -c**2 - 395*c - 32361. What is k(-116)?
3
Let r(v) = -17390*v**2 - 69572*v - 48. What is r(-4)?
0
Let c(o) = 88245*o - 176492. Determine c(2).
-2
Let d(y) = 10*y**3 - 10*y**2 + 6*y + 5. Give d(2).
57
Let q(g) = -4*g**3 - 542*g**2 - 18051*g + 124. Calculate q(-59).
-53
Let w(i) = 191828*i + 575492. Give w(-3).
8
Let t(l) = -260*l**2 + 781*l - 32. Calculate t(3).
-29
Let x(v) = -v**3 - 149*v**2 + 701*v - 10687. Determine x(-154).
-61
Let g(o) = 42933*o - 300554. Determine g(7).
-23
Let m(j) = -36*j**2 + 60*j + 191. Calculate m(3).
47
Let n(i) = -14*i**2 - 244*i - 673. Determine n(-14).
-1
Let z(b) = -13*b**3 - 1913*b**2 - 294*b + 136. Determine z(-147).
136
Let i(s) = -14*s**2 + 263*s - 819. Give i(4).
9
Let l(c) = 101*c - 593. Give l(7).
114
Let t(y) = 100*y**2 - 4080*y - 12212. What is t(-3)?
928
Let s(x) = 285*x + 102902. Give s(-361).
17
Let m(w) = -4*w**3 + 100*w**2 + 213*w + 79. Give m(27).
-2
Let t(v) = -75*v - 329. Calculate t(25).
-2204
Let r(p) = -375*p - 90882. What is r(-252)?
3618
Let x(o) = 76554*o + 2985602. Calculate x(-39).
-4
Let y(p) = 1171320*p + 1171306. Determine y(-1).
-14
Let x(k) = -127*k + 1176. What is x(12)?
-348
Let x(h) = -1510*h + 199345. Calculate x(132).
25
Let w(r) = 953*r - 683261. Calculate w(717).
40
Let h(s) = 1810*s + 1290. Determine h(-3).
-4140
Let w(g) = -18*g**2 + 237*g - 746. Determine w(9).
-71
Let m(z) = -8*z**2 + 1468*z + 7535. Calculate m(-5).
-5
Let w(l) = 229*l**2 - 15*l - 29. Calculate w(-2).
917
Let t(q) = 2*q**3 + 42*q**2 + 2*q + 31. Calculate t(0).
31
Let z(x) = -x**3 - 15*x**2 - 55*x - 1179. What is z(-16)?
-43
Let j(b) = -820*b**3 - 8*b**2 - 21*b - 14. Determine j(-1).
819
Let i(z) = -z**2 - 202*z + 13236. Determine i(52).
28
Let z(y) = 2*y**3 + 21*y**2 - 278*y - 46. Give z(9).
611
Let i(a) = a**3 + 216*a**2 + 10428*a - 1574. Determine i(-143).
-1
Let c(l) = 3*l**2 - 1133*l + 43882. Give c(334).
128
Let l(s) = -394*s - 2213. Determine l(-4).
-637
Let b(t) = -t**3 + 19*t**2 + 597*t - 11746. Give b(21).
-91
Let z(j) = -41*j**2 + 10297*j - 11754. Give z(250).
-4
Let h(u) = 6793*u + 251694. What is h(-37)?
353
Let r(w) = 16*w**2 - 191*w - 57. Give r(18).
1689
Let n(v) = -14223*v - 20808242. Determine n(-1463).
7
Let d(c) = -c**2 + 792*c - 32924. Give d(44).
-12
Let m(u) = 1437*u + 41723. Calculate m(-29).
50
Let z(q) = -10*q**2 + 16872*q + 84367. What is z(-5)?
-243
Let n(j) = -5*j**2 - 1563*j + 69329. Determine n(-352).
-15
Let c(n) = -3688*n + 66505. Determine c(18).
121
Let r(m) = -21*m**3 - 248*m**2 - 42*m - 676. Give r(-12).
404
Let w(d) = d**2 + 3815*d + 1259252. Give w(-365).
2
Let p(b) = -1863*b + 14928. Determine p(8).
24
Let v(y) = 9*y**3 - 69*y**2 + 14*y - 14. What is v(7)?
-210
Let p(m) = m**2 - 241*m - 14161. Give p(289).
-289
Let v(j) = -11457*j - 45816. Calculate v(-4).
12
Let l(i) = -516353*i - 6712600. What is l(-13)?
-11
Let l(w) = 2*w**3 - 295*w**2 - 2981*w - 257. What is l(157)?
57
Let j(h) = -h**3 + 557*h - 1623. Give j(3).
21
Let p(v) = v**3 - 227*v**2 + 462*v - 2613. Calculate p(225).
87
Let j(n) = 2043*n + 44571. What is j(-22)?
-375
Let b(a) = -2*a**2 - 1028*a - 13076. Give b(-13).
-50
Let o(g) = g**3 - 550*g**2 + 7489*g + 290. What is o(14)?
80
Let d(v) = v**3 - 24*v**2 + 591*v - 14113. Calculate d(24).
71
Let a(l) = l**2 - 93769*l + 1312569. Calculate a(14).
-1
Let p(t) = -2*t**3 + 2408*t**2 + 30*t - 9. Give p(0).
-9
Let n(b) = b**3 - 92*b**2 + 2104*b - 260. What is n(50)?
-60
Let q(a) = 35*a**2 + 129*a + 963. Calculate q(-7).
1775
Let i(y) = y**3 + 86*y**2 + 254*y + 599. Give i(-83).
184
Let j(t) = 2*t**3 - 318*t**2 - 4071*t + 402. Give j(-12).
6
Let h(w) = -188*w**2 + 2640*w - 61. Give h(14).
51
Let i(o) = o**3 + 355*o**2 + 17930*o - 1170. Give i(-294).
6
Let b(c) = -3*c**3 + 316*c**2 + 525*c + 1021. Determine b(107).
-49
Let j(q) = -25*q**3 + q**2 - 2*q - 4. What is j(-1)?
24
Let o(a) = 822207*a + 2466621. Determine o(-3).
0
Let z(m) = -213*m**2 - 19408*m - 2273. What is z(-91)?
2
Let s(n) = -11706*n + 3007. Calculate s(0).
3007
Let s(a) = -a**2 - 322210*a + 3544419. Calculate s(11).
-12
Let s(d) = d**3 + 31*d**2 + 293*d + 183. Give s(-20).
-1277
Let x(j) = -j**2 - 144*j - 3405. Determine x(-100).
995
Let r(s) = -191*s - 1746. Give r(-15).
1119
Let l(m) = -12*m**3 + 1499*m**2 + 159*m - 4234. Give l(125).
16
Let h(c) = 1064*c - 21269. Calculate h(20).
11
Let p(u) = 2*u**2 + 356*u - 37021. Give p(73).
-375
Let f(n) = -476*n + 129464. What is f(272)?
-8
Let x(p) = -2*p**2 - 13135*p - 52515. Calculate x(-4).
-7
Let u(c) = -799*c - 10204. What is u(-13)?
183
Let s(d) = 20*d**2 - 1231*d - 8731. Calculate s(-7).
866
Let c(g) = -8*g**2 + 27149*g - 405450. Determine c(15).
-15
Let s(u) = -u**3 + 305*u**2 - 3515*u - 493. Calculate s(293).
-200
Let c(i) = i**2 + 4*i - 99. Calculate c(11).
66
Let p(d) = 2*d**2 - 18944*d + 1035861. Determine p(55).
-9
Let w(a) = -a**2 + 18*a + 1535. What is w(-28)?
247
Let o(h) = h**2 + 273*h - 20786. Give o(62).
-16
Let u(c) = 317*c - 13042. Calculate u(40).
-362
Let v(i) = 3*i**3 + 47*i**2 - 72*i + 25. Determine v(-17).
93
Let p(f) = -2*f**2 + 1724*f - 13739. Give p(8).
-75
Let r(q) = 380*q - 1701. Give r(5).
199
Let m(t) = -t**3 - 278*t**2 + 6929*t + 20. Determine m(23).
158
Let p(l) = -12*l**2 + 55*l - 881. Calculate p(15).
-2756
Let q(v) = -766*v + 26353. What is q(35)?
-457
Let y(a) = a**3 - 1188*a**2 + 10447*a + 193344. Give y(1179).
-12
Let f(z) = 110*z**2 - 788*z - 2361. Determine f(-3).
993
Let q(c) = -c**3 + 61*c**2 - 624*c - 7. Determine q(13).
-7
Let m(c) = 124503*c - 4606585. What is m(37)?
26
Let d(n) = -46977*n + 563733. What is d(12)?
9
Let a(u) = u**3 + 3*u**2 + 125*u + 690. Give a(-6).
-168
Let m(u) = -1512*u - 46868. What is m(-31)?
4
Let g(w) = 4514*w + 117513. What is g(-26)?
149
Let v(u) = -42400*u + 126814. Determine v(3).
-386
Let m(s) = 2*s**3 - 13*s**2 + 555*s - 1669. Determine m(3).
-67
Let m(t) = -t**3 - 511*t**2 - 365*t - 449019. Calculate m(-512).
5
Let r(x) = -1664*x**2 - 26630*x - 103. Calculate r(-16).
-7
Let x(v) = 2*v**3 - 34*v**2 - 142*v - 221. Calculate x(18).
-2129
Let u(o) = -142023*o - 7669244. Give u(-54).
-2
Let q(j) = -2*j**2 - 228*j - 4773. Calculate q(-33).
573
Let s(m) = -m**3 - 35*m**2 + 420*m + 14681. Give s(-35).
-19
Let g(k) = -k**3 - 20*k**2 - 129*k - 677. Calculate g(-10).
-387
Let n(j) = -107*j**2 - 850*j + 20. Determine n(-8).
-28
Let p(a) = -a**3 + 141*a**2 - 78*a + 10997. Calculate p(141).
-1
Let v(b) = -621*b - 22939. Give v(-37).
38
Let m(b) = 2*b**3 + 47*b**2 + 45*b - 212. Give m(-22).
250
Let t(s) = -1342*s - 18683. Give t(-16).
2789
Let i(l) = -378*l + 101748. Give i(269).
66
Let n(s) = 19921*s + 219007. Calculate n(-11).
-124
Let x(c) = 264642*c + 7145377. Give x(-27).
43
Let v(t) = 9*t**2 + 1142*t - 910. Give v(-128).
370
Let w(h) = 64370*h + 1609245. Calculate w(-25).
-5
Let p(n) = 5*n**3 + 34*n**2 + 15*n - 82. Determine p(-6).
-28
Let h(y) = -349*y + 6348. Give h(21).
-981
Let c(r) = r**3 + 31*r**2 - 55*r - 68. What is c(-32)?
668
Let q(c) = -2*c**3 + 39*c**2 + 795*c - 17. What is q(32)?
-177
Let x(l) = -27630*l - 82943. Give x(-3).
-53
Let o(k) = -268*k + 1. Give o(0).
1
Let z(u) = -33*u**2 + 27*u + 95. Give z(-4).
-541
Let r(i) = -592*i - 169313. Determine r(-285).
-593
Let x(u) = -682690*u - 4096142. Give x(-6).
-2
Let w(s) = 2*s**2 - 152993*s + 458987. Give w(3).
26
Let u(p) = 16*p**2 + 1079*p - 11005. Determine u(9).
2
Let z(a) = 72*a**2 - 7128*a + 34. What is z(99)?
34
Let w(a) = -201*a + 102312. Calculate w(509).
3
Let l(t) = -2*t**3 + 51*t**2 + 28*t - 396. Calculate l(21).
4161
Let d(h) = -h**2 + 1734*h + 17418. What is d(-10)?
-22
Let m(h) = -8*h**2 - 74807*h - 821903. What is m(-11)?
6
Let s(h) = -66*h - 3835. Determine s(-26).
-2119
Let y(k) = 3*k + 1404. Determine y(-52).
1248
Let a(r) = -r**3 + 496*r**2 - 7268*r + 794. Determine a(15).
-1
Let u(l) = 487*l**2